Suppose 0 = 2*g + 2*g - 12. Calculate the remainder when r is divided by g.
1
Let k be (-14)/((-6)/(-3)) + 2. What is the remainder when 86 is divided by k + 2 + 26 + -1?
20
What is the remainder when 25 is divided by 4*(2 + -1) - (36 + -37)?
0
What is the remainder when 60/(-300) + (-371)/(-5) + 0 is divided by 38?
36
Let t(g) be the second derivative of 0 - 1/12*g**4 + 35*g**2 + 0*g**3 - 8*g. Calculate the remainder when t(0) is divided by 18.
16
Suppose 3*k = 9*k - 24. Let s be (-1)/2 + (-25)/(-10). Calculate the remainder when (-30)/(-4)*1*s is divided by k.
3
Let c = 87 - -8. Suppose -27*s = 58*s + 773 - 3578. What is the remainder when c is divided by s?
29
Let m(t) = -108*t + 259. What is the remainder when 247 is divided by m(2)?
32
Suppose -18 = -6*n - 6. Suppose 0*a + 83 = 4*l + 5*a, -n*l + a + 31 = 0. Calculate the remainder when 47 is divided by l.
13
Suppose 5*b + 2*b = 546. Let z = -46 + b. What is the remainder when 57 is divided by z?
25
Suppose -11210 = -64*z + 12214. What is the remainder when z is divided by 73?
1
Let d(j) = -2*j**3 + 54*j**2 - 53*j + 39. Calculate the remainder when 100 is divided by d(26).
9
Let b(x) = 125*x - 3065. Let g(h) = 10*h**2 - 2*h - 2. Calculate the remainder when g(5) is divided by b(25).
58
Suppose -3*s - 15 = -3*i, 2*i - 4*i + 2 = 2*s. Suppose 113 - 197 = -6*v. What is the remainder when v is divided by i?
2
Let k(q) = 3*q**2 - 2*q - 2. Suppose 0 = -l - l + 78. What is the remainder when l is divided by k(-2)?
11
Suppose -3*c + 4*u = -133, -9*c = -10*c - 5*u + 19. What is the remainder when c is divided by 21?
18
Suppose 4*w = o + 370 - 9, 4*w - 5*o - 365 = 0. What is the remainder when 239 is divided by w?
59
Suppose 0 = -12*z - 4*z + 1120. What is the remainder when z is divided by 13?
5
Let i = -2448 + 2470. What is the remainder when 192 is divided by i?
16
Suppose -3*a + 225 = 6*t - 2*t, 4*a + 4*t - 304 = 0. Calculate the remainder when a is divided by 63.
16
Let l(s) = s**2 + 7*s - 6. Let n be l(-8). Let o = n - -73. What is the remainder when o is divided by 19?
18
Let o = -50 + 129. What is the remainder when o is divided by 21?
16
Suppose 19*d - 8*d = 1243. What is the remainder when 1354 is divided by d?
111
Calculate the remainder when (-29)/145 + (-812)/(-10) is divided by 15.
6
Let a be (-4 - (-105)/25) + (-122)/10. Calculate the remainder when 608/a*3/(-2) is divided by 27.
22
Let b = 163 + -136. What is the remainder when 47 is divided by b?
20
Suppose 3 = v - 4. Let j = -44 + 41. Calculate the remainder when (-13)/j*(-3)/(-1) is divided by v.
6
Suppose -12 = 3*v - 9*v. Suppose 2 = -3*t + 4*g, -2*g + v + 8 = 0. Suppose -5*w - 95 = -t*w. Calculate the remainder when w is divided by 33.
29
Let i(o) = -754*o + 76. What is the remainder when i(-1) is divided by 64?
62
Let m = -1156 + 1196. What is the remainder when 196 is divided by m?
36
Let f be (6*4/8)/((-3)/2). What is the remainder when (-74)/(-20)*f*-5 is divided by 21?
16
Let m(b) = 2*b**2 - 31*b - 38. Let f be m(17). Suppose 419 = f*x + 3. Calculate the remainder when x is divided by 17.
15
What is the remainder when 161 is divided by (-28)/(-16)*-1*-16?
21
Let n be (-39)/(-13) - 48/(2 - 0). Let i = 5 - n. What is the remainder when 129 is divided by i?
25
Let c(s) = -7*s - 34. Let t be c(-7). Suppose 45 = -12*n + t*n. What is the remainder when n is divided by 3?
0
Suppose 5276*j - 5267*j - 180 = 0. Let p(u) = u**3 + 7*u**2 - 5*u + 4. What is the remainder when p(-5) is divided by j?
19
Let n = 41 + -39. Suppose -u - 2*a + 40 = 3*u, -u = -n*a - 10. Calculate the remainder when 38 is divided by u.
8
Let p = 151 + -88. Let x = p + -44. Suppose -82 = -44*w + 358. What is the remainder when x is divided by w?
9
Let c(f) = -7*f**2 + 52*f + 14. What is the remainder when 955 is divided by c(6)?
67
Let l(a) = -a**2 - 12*a + 63. Calculate the remainder when 139 is divided by l(-14).
34
Let g = -28 + 29. Let x = 8 + g. What is the remainder when 28 is divided by x?
1
Let d(t) = 3*t**2 - 3*t - 2. Let h be d(3). Let m be (h/(-6))/(2/6). Let k = m + 14. Calculate the remainder when k is divided by 2.
0
Suppose -4*p + 2*p + 100 = 0. Let j = 156 + -143. What is the remainder when p is divided by j?
11
Suppose 4*k - 604 = m, 3*m = 11*k - 14*k + 438. What is the remainder when k is divided by 3?
0
Let y = 477 + -471. Calculate the remainder when y is divided by 3.
0
Let q be 3 + 36/(-16) - 3/4. Suppose q = -5*h - 4*z + 245, 3*h - 4*z - 111 = 36. Calculate the remainder when h is divided by 13.
10
Suppose g - 142 = -4*k + 110, -5*k + 2*g + 315 = 0. Let b(j) = j**2 - 7*j + 8. Calculate the remainder when k is divided by b(7).
7
Suppose 2*s + n - 60 = 0, -36 = -3*s + 3*n + 63. What is the remainder when 154 is divided by s?
30
Let k = -23 - -17. What is the remainder when 39 is divided by 56/k*(-3)/2?
11
Let z(y) = y**3 - 9*y**2 + 10*y - 12. What is the remainder when (0 - (-11 - 3))/1 is divided by z(8)?
2
Let r(o) = -28*o**3 - o**2 - 3*o - 2. Let a be r(-1). Suppose -a = -5*n + 2*b, -4*n + 3*b = -0*n - 28. What is the remainder when 10 is divided by n?
2
Calculate the remainder when (-3)/9*12 + 474 is divided by 118.
116
Suppose -18*m + 227 = -601. Calculate the remainder when 180 is divided by m.
42
Suppose -11*b = -22*b + 231. Calculate the remainder when 78 is divided by b.
15
Suppose 2*u - 25 = -3*u. Suppose 0 = -b + 5*q - 2, 0 = -2*q - u + 3. Calculate the remainder when 83 is divided by (b*(-9)/3)/1.
20
Let v(p) = -6*p + 17 + 7*p - 6*p - 52. Calculate the remainder when v(-12) is divided by 2/(-3) - (-82)/6.
12
Suppose -3*p = 4*h - 21, h + 47 = p + 3*p. Let x = 176 + -260. Let g = x + 127. Calculate the remainder when g is divided by p.
10
Suppose -10 = 2*p, -4*p - 1 = 3*w + 7. Suppose 1 = w*q - 7. Let u = 224 + -221. What is the remainder when u is divided by q?
1
Suppose -y + 0*n + 134 = n, -3*n = 4*y - 533. What is the remainder when y is divided by 12?
11
Let a(w) = -3*w - 10. Let u be a(-5). Suppose -526 = -4*l - 3*n, 4*l = -u*n + 83 + 439. Calculate the remainder when l is divided by 5.
3
Let s = 7 - 6. Let t be 2 - 0 - s - 148. What is the remainder when 45 is divided by 1/(-4) - t/12?
9
Suppose -5*n = -2*g + 134, 0 = 4*g - 4*n - 0*n - 256. What is the remainder when g is divided by 2430/153 + 6/51?
14
Let t(r) = r**3 - 7*r**2 + 3*r - 19. Let i be t(7). Suppose -i*w = -4*v + 333 - 101, -v - 4*w = -76. Calculate the remainder when v is divided by 16.
12
Let u be -4 + (-15)/(-5) - -22. Let a = -8 + u. What is the remainder when 36 is divided by a?
10
Let k = 147 + -146. Calculate the remainder when k*(82 - (-5 + 0)) is divided by 11.
10
Let x(p) = -p**2 - p + 267. Let h be x(0). Let r be 2/(-8) + h/12. Let c = r + -8. Calculate the remainder when c is divided by 4.
2
Suppose -63 = -6*f + 3*f. Suppose 5*i - 5*d = 110, 4*i - d - 79 = f. Suppose -i = -k + 1. What is the remainder when k is divided by 15?
12
Let v(o) = 17*o + 1. Let i = 11 - 8. Calculate the remainder when v(i) is divided by 18.
16
Let b(x) = -x - 17. Let g be b(-29). Suppose -g*w = -6*w - 42. Suppose 9 - 43 = -h. What is the remainder when h is divided by w?
6
Suppose n - 2*b = -17, 2*n - 2*b + 11 = -13. Let m = n + 33. What is the remainder when 128 is divided by m?
24
Suppose -23*v + 2*n + 138 = -21*v, -4*v + 278 = -2*n. Let r(m) = m**2 + 7*m + 10. What is the remainder when v is divided by r(-8)?
16
Calculate the remainder when (0 - 2*-30) + (17 - 15) is divided by 22.
18
Let y(f) = -f**3 - 4*f**2 + 8*f + 7. Let q be y(-5). Let j(x) = -2*x**2 - 17*x - 8. Let z be j(q). Calculate the remainder when (-1 - z/3)*-11 is divided by 4.
3
Let q be 5 + -4 + 2/1. Suppose 0 = -0*c - q*c + 9. What is the remainder when 11 is divided by c?
2
Suppose -612 = 4*f - 7*r + 3*r, f - 3*r = -153. Let o = 32 + -36. What is the remainder when f/o + 1/(-4) is divided by 10?
8
Let q(p) = -p**2 + 16*p - 50. Let v be q(8). Suppose -2*l = -3*l. Calculate the remainder when 21 is divided by -1 - v/(-2 + l).
3
Let m(c) = c + 8. Let k = 2461 - 2432. Calculate the remainder when k is divided by m(0).
5
Calculate the remainder when 229 is divided by 1/((-5)/(-232)) - (-135)/225.
41
Let d be -24 + (4/1 - 7). Let a = -28 + d. Let m = -36 - a. Calculate the remainder when 37 is divided by m.
